{"id":1504,"date":"2020-06-14T14:10:00","date_gmt":"2020-06-14T14:10:00","guid":{"rendered":"https:\/\/wp.hansknoepfel.ch\/?page_id=1504"},"modified":"2024-03-19T10:03:18","modified_gmt":"2024-03-19T10:03:18","slug":"datenschutz","status":"publish","type":"page","link":"https:\/\/hansknoepfel.ch\/?page_id=1504","title":{"rendered":"Impressum"},"content":{"rendered":"<p><strong>Kontakt-Adresse<\/strong><\/p>\n<p>Hans Kn\u00f6pfel AG<br \/>\nDorfstrasse 20<br \/>\n8700 K\u00fcsnacht<br \/>\nSchweiz<\/p>\n<p>E-Mail: <a href=\"mailto:hk@hansknoepfel.ch\">hk@hansknoepfel.ch<\/a><\/p>\n<p><b><br \/>\nVertretungsberechtigte Person<br \/>\n<\/b>Hans Kn\u00f6pfel, Inhaber und Gesch\u00e4ftsf\u00fchrer<\/p>\n<p><b>Handelsregister-Eintrag<br \/>\n<\/b>Eingetragener Firmenname: Hans Kn\u00f6pfel AG, Handelsregister Nr: CH-020.3.037.730-7<\/p>\n<p><b>Haftungsausschluss<br \/>\n<\/b>Der Autor \u00fcbernimmt keinerlei Gew\u00e4hr hinsichtlich der inhaltlichen Richtigkeit, Genauigkeit, Aktualit\u00e4t, Zuverl\u00e4ssigkeit und Vollst\u00e4ndigkeit der Informationen.<br \/>\nHaftungsanspr\u00fcche gegen den Autor wegen Sch\u00e4den materieller oder immaterieller Art, welche aus dem Zugriff oder der Nutzung bzw. Nichtnutzung der ver\u00f6ffentlichten Informationen, durch Missbrauch der Verbindung oder durch technische St\u00f6rungen entstanden sind, werden ausgeschlossen.<br \/>\nAlle Angebote sind unverbindlich. Der Autor beh\u00e4lt es sich ausdr\u00fccklich vor, Teile der Seiten oder das gesamte Angebot ohne besondere Ank\u00fcndigung zu ver\u00e4ndern, zu erg\u00e4nzen, zu l\u00f6schen oder die Ver\u00f6ffentlichung zeitweise oder endg\u00fcltig einzustellen.<\/p>\n<p><b>Haftungsausschluss f\u00fcr Links<br \/>\n<\/b>Verweise und Links auf Webseiten Dritter liegen ausserhalb unseres Verantwortungsbereichs. Es wird jegliche Verantwortung f\u00fcr solche Webseiten abgelehnt. Der Zugriff und die Nutzung solcher Webseiten erfolgen auf eigene Gefahr des jeweiligen Nutzers.<\/p>\n<p><b>Urheberrechte<br \/>\n<\/b>Die Urheber- und alle anderen Rechte an Inhalten, Bildern, Fotos oder anderen Dateien auf dieser Website, geh\u00f6ren ausschliesslich <strong style=\"color: var( --e-global-color-text ); background-color: var(--nv-site-bg);\">der Firma Hans Kn\u00f6pfel AG<\/strong> oder den speziell genannten Rechteinhabern. F\u00fcr die Reproduktion jeglicher Elemente ist die schriftliche Zustimmung des Urheberrechtstr\u00e4gers im Voraus einzuholen.<\/p>\n<p><!--ACHTUNG: Wenn Sie die Quelle ohne Erlaubnis von SwissAnwalt entfernen, dann begehen Sie eine Urheberrechtsverletzung welche in jedem Fall geahndet wird.--><\/p>\n<p><i>Quelle: <a href=\"https:\/\/www.swissanwalt.ch\" target=\"_blank\" rel=\"noopener\">SwissAnwalt<\/a><\/i><\/p>\n<p><!--Bitte beachten Sie die AGB von SwissAnwalt betreffend allf\u00e4llig anfallenden Kosten bei Weglassen der Quelle!--><\/p>\n","protected":false},"excerpt":{"rendered":"<p>Kontakt-Adresse Hans Kn\u00f6pfel AG Dorfstrasse 20 8700 K\u00fcsnacht Schweiz E-Mail: hk@hansknoepfel.ch Vertretungsberechtigte Person Hans Kn\u00f6pfel, Inhaber und Gesch\u00e4ftsf\u00fchrer Handelsregister-Eintrag Eingetragener Firmenname: Hans Kn\u00f6pfel AG, Handelsregister Nr: CH-020.3.037.730-7 Haftungsausschluss Der Autor \u00fcbernimmt keinerlei Gew\u00e4hr hinsichtlich der inhaltlichen Richtigkeit, Genauigkeit, Aktualit\u00e4t, Zuverl\u00e4ssigkeit und Vollst\u00e4ndigkeit der Informationen. Haftungsanspr\u00fcche gegen den Autor wegen Sch\u00e4den materieller oder immaterieller Art, welche&hellip;&nbsp;<a href=\"https:\/\/hansknoepfel.ch\/?page_id=1504\" rel=\"bookmark\">Read More &raquo;<span class=\"screen-reader-text\">Impressum<\/span><\/a><\/p>\n","protected":false},"author":1,"featured_media":0,"parent":0,"menu_order":0,"comment_status":"closed","ping_status":"closed","template":"","meta":{"neve_meta_sidebar":"full-width","neve_meta_container":"","neve_meta_enable_content_width":"on","neve_meta_content_width":100,"neve_meta_title_alignment":"","neve_meta_author_avatar":"","neve_post_elements_order":"","neve_meta_disable_header":"","neve_meta_disable_footer":"","neve_meta_disable_title":"","neve_meta_reading_time":"","_themeisle_gutenberg_block_has_review":false,"footnotes":""},"class_list":["post-1504","page","type-page","status-publish","hentry"],"yoast_head":"<!-- This site is optimized with the Yoast SEO plugin v27.4 - https:\/\/yoast.com\/product\/yoast-seo-wordpress\/ -->\n<title>Impressum - Hans Kn\u00f6pfel<\/title>\n<meta name=\"robots\" content=\"index, follow, max-snippet:-1, max-image-preview:large, max-video-preview:-1\" \/>\n<link rel=\"canonical\" href=\"https:\/\/hansknoepfel.ch\/?page_id=1504\" \/>\n<meta property=\"og:locale\" content=\"de_DE\" \/>\n<meta property=\"og:type\" content=\"article\" \/>\n<meta property=\"og:title\" content=\"Impressum - Hans Kn\u00f6pfel\" \/>\n<meta property=\"og:description\" content=\"Kontakt-Adresse Hans Kn\u00f6pfel AG Dorfstrasse 20 8700 K\u00fcsnacht Schweiz E-Mail: hk@hansknoepfel.ch Vertretungsberechtigte Person Hans Kn\u00f6pfel, Inhaber und Gesch\u00e4ftsf\u00fchrer Handelsregister-Eintrag Eingetragener Firmenname: Hans Kn\u00f6pfel AG, Handelsregister Nr: CH-020.3.037.730-7 Haftungsausschluss Der Autor \u00fcbernimmt keinerlei Gew\u00e4hr hinsichtlich der inhaltlichen Richtigkeit, Genauigkeit, Aktualit\u00e4t, Zuverl\u00e4ssigkeit und Vollst\u00e4ndigkeit der Informationen. Haftungsanspr\u00fcche gegen den Autor wegen Sch\u00e4den materieller oder immaterieller Art, welche&hellip;&nbsp;Read More &raquo;Impressum\" \/>\n<meta property=\"og:url\" content=\"https:\/\/hansknoepfel.ch\/?page_id=1504\" \/>\n<meta property=\"og:site_name\" content=\"Hans Kn\u00f6pfel\" \/>\n<meta property=\"article:modified_time\" content=\"2024-03-19T10:03:18+00:00\" \/>\n<meta name=\"twitter:card\" content=\"summary_large_image\" \/>\n<meta name=\"twitter:label1\" content=\"Gesch\u00e4tzte Lesezeit\" \/>\n\t<meta name=\"twitter:data1\" content=\"2\u00a0Minuten\" \/>\n<script type=\"application\/ld+json\" class=\"yoast-schema-graph\">{\"@context\":\"https:\\\/\\\/schema.org\",\"@graph\":[{\"@type\":\"WebPage\",\"@id\":\"https:\\\/\\\/hansknoepfel.ch\\\/?page_id=1504\",\"url\":\"https:\\\/\\\/hansknoepfel.ch\\\/?page_id=1504\",\"name\":\"Impressum - Hans Kn\u00f6pfel\",\"isPartOf\":{\"@id\":\"https:\\\/\\\/hansknoepfel.ch\\\/#website\"},\"datePublished\":\"2020-06-14T14:10:00+00:00\",\"dateModified\":\"2024-03-19T10:03:18+00:00\",\"breadcrumb\":{\"@id\":\"https:\\\/\\\/hansknoepfel.ch\\\/?page_id=1504#breadcrumb\"},\"inLanguage\":\"de\",\"potentialAction\":[{\"@type\":\"ReadAction\",\"target\":[\"https:\\\/\\\/hansknoepfel.ch\\\/?page_id=1504\"]}]},{\"@type\":\"BreadcrumbList\",\"@id\":\"https:\\\/\\\/hansknoepfel.ch\\\/?page_id=1504#breadcrumb\",\"itemListElement\":[{\"@type\":\"ListItem\",\"position\":1,\"name\":\"Startseite\",\"item\":\"https:\\\/\\\/hansknoepfel.ch\\\/\"},{\"@type\":\"ListItem\",\"position\":2,\"name\":\"Impressum\"}]},{\"@type\":\"WebSite\",\"@id\":\"https:\\\/\\\/hansknoepfel.ch\\\/#website\",\"url\":\"https:\\\/\\\/hansknoepfel.ch\\\/\",\"name\":\"Hans Kn\u00f6pfel\",\"description\":\"Excellence in business\",\"publisher\":{\"@id\":\"https:\\\/\\\/hansknoepfel.ch\\\/#organization\"},\"potentialAction\":[{\"@type\":\"SearchAction\",\"target\":{\"@type\":\"EntryPoint\",\"urlTemplate\":\"https:\\\/\\\/hansknoepfel.ch\\\/?s={search_term_string}\"},\"query-input\":{\"@type\":\"PropertyValueSpecification\",\"valueRequired\":true,\"valueName\":\"search_term_string\"}}],\"inLanguage\":\"de\"},{\"@type\":\"Organization\",\"@id\":\"https:\\\/\\\/hansknoepfel.ch\\\/#organization\",\"name\":\"Hans Kn\u00f6pfel AG\",\"url\":\"https:\\\/\\\/hansknoepfel.ch\\\/\",\"logo\":{\"@type\":\"ImageObject\",\"inLanguage\":\"de\",\"@id\":\"https:\\\/\\\/hansknoepfel.ch\\\/#\\\/schema\\\/logo\\\/image\\\/\",\"url\":\"https:\\\/\\\/hansknoepfel.ch\\\/wp-content\\\/uploads\\\/2022\\\/04\\\/image002.png\",\"contentUrl\":\"https:\\\/\\\/hansknoepfel.ch\\\/wp-content\\\/uploads\\\/2022\\\/04\\\/image002.png\",\"width\":376,\"height\":107,\"caption\":\"Hans Kn\u00f6pfel AG\"},\"image\":{\"@id\":\"https:\\\/\\\/hansknoepfel.ch\\\/#\\\/schema\\\/logo\\\/image\\\/\"},\"sameAs\":[\"https:\\\/\\\/www.linkedin.com\\\/in\\\/hans-knoepfel-1963889\\\/\"]}]}<\/script>\n<!-- \/ Yoast SEO plugin. -->","yoast_head_json":{"title":"Impressum - Hans Kn\u00f6pfel","robots":{"index":"index","follow":"follow","max-snippet":"max-snippet:-1","max-image-preview":"max-image-preview:large","max-video-preview":"max-video-preview:-1"},"canonical":"https:\/\/hansknoepfel.ch\/?page_id=1504","og_locale":"de_DE","og_type":"article","og_title":"Impressum - Hans Kn\u00f6pfel","og_description":"Kontakt-Adresse Hans Kn\u00f6pfel AG Dorfstrasse 20 8700 K\u00fcsnacht Schweiz E-Mail: hk@hansknoepfel.ch Vertretungsberechtigte Person Hans Kn\u00f6pfel, Inhaber und Gesch\u00e4ftsf\u00fchrer Handelsregister-Eintrag Eingetragener Firmenname: Hans Kn\u00f6pfel AG, Handelsregister Nr: CH-020.3.037.730-7 Haftungsausschluss Der Autor \u00fcbernimmt keinerlei Gew\u00e4hr hinsichtlich der inhaltlichen Richtigkeit, Genauigkeit, Aktualit\u00e4t, Zuverl\u00e4ssigkeit und Vollst\u00e4ndigkeit der Informationen. Haftungsanspr\u00fcche gegen den Autor wegen Sch\u00e4den materieller oder immaterieller Art, welche&hellip;&nbsp;Read More &raquo;Impressum","og_url":"https:\/\/hansknoepfel.ch\/?page_id=1504","og_site_name":"Hans Kn\u00f6pfel","article_modified_time":"2024-03-19T10:03:18+00:00","twitter_card":"summary_large_image","twitter_misc":{"Gesch\u00e4tzte Lesezeit":"2\u00a0Minuten"},"schema":{"@context":"https:\/\/schema.org","@graph":[{"@type":"WebPage","@id":"https:\/\/hansknoepfel.ch\/?page_id=1504","url":"https:\/\/hansknoepfel.ch\/?page_id=1504","name":"Impressum - Hans Kn\u00f6pfel","isPartOf":{"@id":"https:\/\/hansknoepfel.ch\/#website"},"datePublished":"2020-06-14T14:10:00+00:00","dateModified":"2024-03-19T10:03:18+00:00","breadcrumb":{"@id":"https:\/\/hansknoepfel.ch\/?page_id=1504#breadcrumb"},"inLanguage":"de","potentialAction":[{"@type":"ReadAction","target":["https:\/\/hansknoepfel.ch\/?page_id=1504"]}]},{"@type":"BreadcrumbList","@id":"https:\/\/hansknoepfel.ch\/?page_id=1504#breadcrumb","itemListElement":[{"@type":"ListItem","position":1,"name":"Startseite","item":"https:\/\/hansknoepfel.ch\/"},{"@type":"ListItem","position":2,"name":"Impressum"}]},{"@type":"WebSite","@id":"https:\/\/hansknoepfel.ch\/#website","url":"https:\/\/hansknoepfel.ch\/","name":"Hans Kn\u00f6pfel","description":"Excellence in business","publisher":{"@id":"https:\/\/hansknoepfel.ch\/#organization"},"potentialAction":[{"@type":"SearchAction","target":{"@type":"EntryPoint","urlTemplate":"https:\/\/hansknoepfel.ch\/?s={search_term_string}"},"query-input":{"@type":"PropertyValueSpecification","valueRequired":true,"valueName":"search_term_string"}}],"inLanguage":"de"},{"@type":"Organization","@id":"https:\/\/hansknoepfel.ch\/#organization","name":"Hans Kn\u00f6pfel AG","url":"https:\/\/hansknoepfel.ch\/","logo":{"@type":"ImageObject","inLanguage":"de","@id":"https:\/\/hansknoepfel.ch\/#\/schema\/logo\/image\/","url":"https:\/\/hansknoepfel.ch\/wp-content\/uploads\/2022\/04\/image002.png","contentUrl":"https:\/\/hansknoepfel.ch\/wp-content\/uploads\/2022\/04\/image002.png","width":376,"height":107,"caption":"Hans Kn\u00f6pfel AG"},"image":{"@id":"https:\/\/hansknoepfel.ch\/#\/schema\/logo\/image\/"},"sameAs":["https:\/\/www.linkedin.com\/in\/hans-knoepfel-1963889\/"]}]}},"_links":{"self":[{"href":"https:\/\/hansknoepfel.ch\/index.php?rest_route=\/wp\/v2\/pages\/1504","targetHints":{"allow":["GET"]}}],"collection":[{"href":"https:\/\/hansknoepfel.ch\/index.php?rest_route=\/wp\/v2\/pages"}],"about":[{"href":"https:\/\/hansknoepfel.ch\/index.php?rest_route=\/wp\/v2\/types\/page"}],"author":[{"embeddable":true,"href":"https:\/\/hansknoepfel.ch\/index.php?rest_route=\/wp\/v2\/users\/1"}],"replies":[{"embeddable":true,"href":"https:\/\/hansknoepfel.ch\/index.php?rest_route=%2Fwp%2Fv2%2Fcomments&post=1504"}],"version-history":[{"count":18,"href":"https:\/\/hansknoepfel.ch\/index.php?rest_route=\/wp\/v2\/pages\/1504\/revisions"}],"predecessor-version":[{"id":2096,"href":"https:\/\/hansknoepfel.ch\/index.php?rest_route=\/wp\/v2\/pages\/1504\/revisions\/2096"}],"wp:attachment":[{"href":"https:\/\/hansknoepfel.ch\/index.php?rest_route=%2Fwp%2Fv2%2Fmedia&parent=1504"}],"curies":[{"name":"wp","href":"https:\/\/api.w.org\/{rel}","templated":true}]}}